ppose -2*j = p - 477. What are the prime factors of j?
2, 53
Suppose 2*m - 11*m + 1422 = 0. Let n = -150 + m. What are the prime factors of n?
2
Let h be (-615)/55 + 2/11. Let t(y) = -y**3 - 8*y**2 - 15*y + 68. List the prime factors of t(h).
2, 149
List the prime factors of -21 + 24 - ((-505816)/44 - (-4)/(-22)).
3, 3833
What are the prime factors of 436616/40 - (-22)/(-55)?
5, 37, 59
Suppose -139 - 167 = -17*f. What are the prime factors of (f/(-8))/(9/(-2292))?
3, 191
Let c = 221 + -167. Let y = c - -63. What are the prime factors of y?
3, 13
Suppose 0 = 2*v + 49 - 119. What are the prime factors of -3 + 100/v + 10812/28?
2, 193
Suppose j = -5*k - 20, -3*j = 4*k + 14 + 2. Suppose j = -4*d + 6 + 14. Suppose d*v = 3*g - 214, 6*g = 2*g - 4*v + 328. What are the prime factors of g?
2, 3, 13
Let k = 223413 - 156283. List the prime factors of k.
2, 5, 7, 137
Suppose 0 = 3*j + 2*t - 506, -3*j = -4*t - 139 - 397. Suppose -3*n - 38 = -u, 22*u - 2*n - j = 18*u. What are the prime factors of u?
2, 11
Suppose z - 14*m - 16768 = -10*m, -3*z + 4*m + 50304 = 0. What are the prime factors of z?
2, 131
Let t(n) = n**3 - 16*n**2 - 17*n - 3. Let i be t(17). Let g be ((-975)/20)/(i/8). Let o = g - 18. What are the prime factors of o?
2, 7
Let w(c) = -14*c + 1. Let z be w(-1). Let i(u) = u**3 - 14*u**2 + 34*u + 29. What are the prime factors of i(z)?
2, 191
Let l(r) = 50*r + 26. Let y be l(3). Suppose 5*g - 249 = y. Let t = g + 43. What are the prime factors of t?
2
Let y be (-6)/10*(-8 + -2)/2. Suppose 0 = -2*s + 5*r + 65, y*s - 69 = -19*r + 17*r. List the prime factors of s.
5
Suppose 0 = -3*v + 3*g + 5547, 8*g = -v + 5*g + 1853. Let c = v + -473. List the prime factors of c.
3, 17
Suppose 3*x - 202*s - 298 = -197*s, -322 = -3*x - s. What are the prime factors of x?
2, 53
Let a(r) be the first derivative of -21*r**2/2 - 16*r - 20. Let l(w) = 7*w + 5. Let s(x) = -3*a(x) - 8*l(x). What are the prime factors of s(17)?
127
Let y(r) = -305*r**2 + r. Let b be y(-1). Let l = -166 - b. List the prime factors of l.
2, 5, 7
Suppose 57*i + 408 = 61*i. Suppose w = -i + 356. List the prime factors of (4 - 55/10) + w/4.
2, 31
Suppose -f - 2*g = g + 7, 2*g = -3*f - 35. Let w be (-6)/8 + (44421/(-12))/f. Let p = 475 - w. What are the prime factors of p?
191
List the prime factors of 1/4*6 + 5393255/446.
2, 6047
Let c(h) = 8*h + h**2 - 10 + 6*h - 6*h. Let q be c(-10). What are the prime factors of (0 - 98)/(q/(-5))?
7
Suppose 8*r = -86 + 686. Let h = 111 - r. Let z = h - 18. List the prime factors of z.
2, 3
Let v(p) = 3037*p**2 + 9*p + 9. What are the prime factors of v(-2)?
61, 199
Let o be ((-6)/((-6)/(-11)))/(-1). Suppose -4*d - o*d + 15195 = 0. Suppose 121 = 6*l - d. What are the prime factors of l?
3, 7
Let q(o) = o**2 + o. Let k(l) be the second derivative of l**4/4 - 5*l**3/3 - 19*l**2/2 + 15*l. Let w(s) = k(s) - 4*q(s). What are the prime factors of w(-11)?
2, 7
List the prime factors of (-2)/16 - (-1979133)/104.
2, 5, 11, 173
Let q(t) = t**2 + 12*t - 157. Let u be q(-20). Suppose 5*m = -5*r + 295, 5*m = u*r + 203 + 124. List the prime factors of m.
3, 7
Let z = 88277 + -50569. List the prime factors of z.
2, 11, 857
Let s = 23609 - -2848. What are the prime factors of s?
3, 8819
Let w(l) = l**3 - 11*l**2 - 8*l - 11. Let j be w(12). Suppose 0 = -32*b - 3*b + 70. What are the prime factors of b*j/8*-4*-2?
2, 37
Let w be (-4)/(-6) - (-25)/3. Suppose 3*b + w = z, -3 = -z + 2*b + 9. What are the prime factors of 4/z - 1/((-9)/1375)?
3, 17
What are the prime factors of 15/((-2)/(9372/(-9))) + 3 + -7?
2, 3, 1301
Suppose -90*k - 48 = -106*k. Suppose 5*w + 4640 = c + 4*c, -c = -k*w - 932. What are the prime factors of c?
2, 463
Let v be (4/(-6))/(1 + 5/(-3)). Let x be 81 + v + 4 + -2. Let l = 6 + x. List the prime factors of l.
2, 3, 5
Let a be 37 - 33 - (1 + 1). Suppose -a*s + 987 = -i, -s + 90 + 393 = -4*i. What are the prime factors of s?
3, 5, 11
Let k be 5/1 - 32/(-16). Let n(d) = 44*d + 80. List the prime factors of n(k).
2, 97
Let a = 1153 - -33. Let s = -561 + a. List the prime factors of s.
5
Suppose -4*p + 14 + 10 = 0. Let i be (((-6)/(-9))/1)/(2/p). Suppose i*x - 193 = -45. List the prime factors of x.
2, 37
Suppose -3*x + 12 = 0, -5*p - x = -3*x + 13. Let i(l) = -7 + 3 - 6169*l**2 - 3*l + 6313*l**2. List the prime factors of i(p).
11, 13
Let n = 106 + -104. Suppose -3*h + 1115 = 4*a + 288, -518 = -n*h + 4*a. What are the prime factors of h?
269
What are the prime factors of ((-27224912)/(-55))/26 - (-8)/(-20)?
2, 3, 19, 167
What are the prime factors of 210/2*(-220)/90*33/(-2)?
5, 7, 11
Let p be 12/16 + (-9)/12. Suppose -25*h + 29*h - 652 = p. List the prime factors of h.
163
Let u = 545 + -510. List the prime factors of 1607 + u/25*5.
2, 3, 269
Let d(n) = 1020*n + 9. What are the prime factors of d(7)?
3, 2383
Suppose -c + 24 = 2*c, 2*l - 2*c - 77512 = 0. List the prime factors of l.
2, 11, 881
Let c be (6/9 - 4636/(-12)) + 5. Let s = 705 - c. What are the prime factors of s?
313
Let o be ((-14)/49)/((-2)/7). Let a(g) be the second derivative of 2*g**3 + 9*g. List the prime factors of a(o).
2, 3
Let l(r) be the first derivative of 13*r**4/12 + 5*r**3/3 - 3*r**2 - 12*r + 22. Let q(h) be the first derivative of l(h). List the prime factors of q(-4).
2, 3
List the prime factors of ((-9)/((-27)/(-6)))/((-27)/(709101/2)).
26263
Let w(u) = u**3 + 42*u**2 + 103*u - 62. Let m be w(-39). Let l = m + -467. What are the prime factors of l?
17
List the prime factors of (-8 + 4)/(16/(-26))*(77 + -1).
2, 13, 19
Let f(o) = 6*o + 11. Let z be f(-1). Suppose -8*x + z*x - 3*t = -924, t - 4 = 0. What are the prime factors of x?
2, 19
Let k = -211 + 224. What are the prime factors of (-104328)/(-104) - (0 + 2/k)?
17, 59
Let v = 3745 + -1983. List the prime factors of v.
2, 881
Let m(h) = -6*h**2 + 29*h + 7. Let x be m(5). Suppose 4 = 4*u, x*z + 1548 = 5*z + 3*u. What are the prime factors of z?
5, 103
Suppose -2*s + 4 + 2 = 0. List the prime factors of ((-93)/3 + -4)/((-1)/s).
3, 5, 7
Let r = 62 + 29. Let z be r/117 - (-4)/18. List the prime factors of (-32)/128 - (z + (-813)/4).
2, 101
Let r be (-5)/(-15)*(-10 - 2/1). Let s(w) = -89*w + 39. List the prime factors of s(r).
5, 79
Let l = -297 + 302. Suppose l*k - 2*o = 3127, 5*k + 4*o - 4040 + 919 = 0. List the prime factors of k.
5
Let x(s) = 6*s**2 - 9*s + 19. Let l = 597 - 589. What are the prime factors of x(l)?
331
Let g be (-13498)/(-13) - -2 - (-232)/(-754). Let n = -8 - -53. List the prime factors of (-3)/((n/g)/(-3)).
2, 13
Let p(k) = -k**3 - 5*k**2 + 10*k - 19. Let v be p(-7). Let h(t) = 2*t**3 - 11*t**2 + 3*t - 46. List the prime factors of h(v).
2, 137
Let t = 114579 - 76100. What are the prime factors of t?
7, 23, 239
Let w = -60 - -63. Suppose 5*n = w*n + 4. Suppose 0 = n*p - 312 + 84. What are the prime factors of p?
2, 3, 19
Let p(w) be the first derivative of -27/2*w**2 - 10 + 5*w. List the prime factors of p(-4).
113
Let i(b) = b**3 + 19*b**2 + 14*b + 4. Let o be i(-18). Suppose 3*j - o = -6*r + 2*r, 0 = 2*r - 5*j - 12. List the prime factors of (3 + 204/16)/(6/r).
2, 3, 7
List the prime factors of (-1 + -2747)/((-936)/702).
3, 229
Let c = 1789 - 138. Suppose 5*d = -2*g + 3034, 769 + c = 4*d - 2*g. What are the prime factors of d?
2, 3, 101
Let t = -134 + 138. Suppose o = 2 + 3. List the prime factors of -41*(o + (-3 - t)).
2, 41
Suppose -3 - 3 = 3*n + 3*t, 0 = 4*t - 16. Let i be 9685/(-35) + 4 + n/21. Let f = 487 + i. List the prime factors of f.
2, 107
List the prime factors of ((-39)/(936/310512))/(-1).
2, 6469
Suppose 106*c + 24328 = 182268. What are the prime factors of c?
2, 5, 149
Let m(f) = 12492*f**3 - f**2 + 20*f - 21. List the prime factors of m(1).
2, 5, 1249
What are the prime factors of ((-8416)/(-12) - 22)*108?
2, 3, 1019
Let c = -32952 + 55473. List the prime factors of c.
3, 7507
Suppose 3 = 3*z, 4*z = -5*r - 9 + 113. Suppose -2122 = -r*f + 898. List the prime factors of f.
151
Let l(t) be the second derivative of t**5/20 - 3*t**4/4 + 5*t**3/3 + 2*t**2 + 16*t. Let k be l(9). Suppose s - k = -2. List the prime factors of s.
2, 23
Let j = 740 + 1174. Suppose -12*d + j = -6*d. List the prime factors of d.
11, 29
Let f be (6/21)/(7/49). Suppose 0 = f*l - 6*l. Suppose -2*i + 3*x = -5*i + 177, l = 2